base 16, what is 51b34 + -f?
51b25
In base 10, what is 485 + 267447?
267932
In base 3, what is 12200 - -20010022221?
20010112121
In base 2, what is -1110110101101111011 - 1110?
-1110110101110001001
In base 14, what is 272b40a - -5?
272b411
In base 3, what is 2022122 + 12202021111?
12211121010
In base 8, what is -210413730 + 5?
-210413723
In base 15, what is 703d + -8d11?
-1cc3
In base 8, what is -1735672 + 530?
-1735142
In base 5, what is 0 + 3413110021?
3413110021
In base 11, what is 24352 - 1937?
22516
In base 5, what is 1 - 1034321303034?
-1034321303033
In base 6, what is -305 + 30403552?
30403243
In base 5, what is -20 - -123142313?
123142243
In base 7, what is 144561515 - 0?
144561515
In base 5, what is 120441132 + 3113?
120444300
In base 12, what is -3612398 - -1?
-3612397
In base 11, what is 520 + -8724?
-8204
In base 14, what is -81a - -1a6b?
1251
In base 8, what is -3450 + 7652?
4202
In base 12, what is -77a - 2a322?
-2aaa0
In base 13, what is -454bc + -730?
-45c1c
In base 13, what is 108 - 1c3780?
-1c3675
In base 6, what is -14 + -1051305515?
-1051305533
In base 6, what is -215325 + 545?
-214340
In base 7, what is 13364 - -1236?
14633
In base 7, what is -4124 - -63565?
56441
In base 7, what is -1041131 - -1256?
-1036542
In base 10, what is 93187 + -150?
93037
In base 6, what is 533 - -214425?
215402
In base 10, what is 15376 + -974?
14402
In base 5, what is 11 - 24224334434?
-24224334423
In base 6, what is -43504 - 4310?
-52214
In base 5, what is 143342111204 - 4?
143342111200
In base 10, what is -12262057 + 6?
-12262051
In base 4, what is -21001122123 + 112?
-21001122011
In base 5, what is -3304140322 + -2?
-3304140324
In base 14, what is c00 + -60d5?
-52d5
In base 7, what is 111 - -32662003?
32662114
In base 16, what is 8 - -b6d7?
b6df
In base 12, what is -84 + -2a359?
-2a421
In base 16, what is -5 + 1006ddaa?
1006dda5
In base 11, what is 68 - 7375?
-7308
In base 7, what is -113626152 + 205?
-113625644
In base 8, what is 5 - 41044616?
-41044611
In base 3, what is 1200202221002010 - 11?
1200202221001222
In base 13, what is 127223 - 5?
12721b
In base 12, what is -7b44b25 - 5?
-7b44b2a
In base 7, what is 3 + -61020660?
-61020654
In base 12, what is a - 139b09?
-139abb
In base 8, what is 27 - -16745644?
16745673
In base 7, what is -554513 + -13334?
-601150
In base 7, what is 444102441 + -2?
444102436
In base 9, what is 41 + -268686?
-268645
In base 12, what is 2418 - -2546?
4962
In base 13, what is -2370 + 5c4?
-1a79
In base 3, what is 101000020102210 - -21210?
101000020201120
In base 15, what is -d + -342c049?
-342c057
In base 7, what is -1634264021 - -3?
-1634264015
In base 8, what is -23767 - 10620?
-34607
In base 15, what is -2 + 23eaec?
23eaea
In base 11, what is -1 - -1778266?
1778265
In base 10, what is -1165 + -17536?
-18701
In base 6, what is -2255543 + -3531?
-2303514
In base 4, what is -21230 - -33002332?
32321102
In base 12, what is 370 + 6247?
65b7
In base 15, what is -4a1 - 22a3b?
-22edc
In base 10, what is -29411525 + -2?
-29411527
In base 6, what is 0 - 205023315?
-205023315
In base 9, what is -12853673 + 6?
-12853666
In base 9, what is 4 - -707824?
707828
In base 4, what is 21122 - 23122030?
-23100302
In base 6, what is 303214122 + -104?
303214014
In base 12, what is -94690 - 1797?
-96267
In base 2, what is -10111111 + 1000000100000?
111101100001
In base 7, what is 0 + 4546432?
4546432
In base 5, what is -23 - -411113120?
411113042
In base 12, what is 39b - -1665?
1a44
In base 12, what is 6259b06b + -2?
6259b069
In base 2, what is 11 - -111111111001101100101011?
111111111001101100101110
In base 8, what is 2 - 412143751?
-412143747
In base 3, what is -112102001010020 + -22?
-112102001010112
In base 5, what is 11 - 1433311400?
-1433311334
In base 16, what is -f7048c2 + -5?
-f7048c7
In base 9, what is -32418553 + 0?
-32418553
In base 6, what is 22301103503 + 1?
22301103504
In base 10, what is -5 + 144199?
144194
In base 14, what is b03764 + 0?
b03764
In base 9, what is 3121 - 6543?
-3422
In base 8, what is 1 - -546372711?
546372712
In base 9, what is -452 - -1183286?
1182734
In base 9, what is 6003708 - -64?
6003773
In base 12, what is a2 - -64815b?
648241
In base 2, what is -100 - 1011000101001001010?
-1011000101001001110
In base 10, what is -860626 - -101?
-860525
In base 13, what is 517 - 39502?
-38cb8
In base 8, what is 2 - 321515572?
-321515570
In base 9, what is -357 - -2084?
1626
In base 9, what is -3441443 + -6?
-3441450
In base 14, what is 47a + 89717?
89b93
In base 3, what is 0 + 112122222010112210?
112122222010112210
In base 11, what is -902854 + 4?
-902850
In base 2, what is 10111011110010000 - -11011111010?
10111111010001010
In base 8, what is -10 + -4167073?
-4167103
In base 2, what is 101110100000 + -1001111001101011?
-1001001011001011
In base 8, what is 2124542 + -14?
2124526
In base 7, what is 123 - 24605534?
-24605411
In base 13, what is 55 - -5a1599?
5a1621
In base 8, what is -57566 + 426?
-57140
In base 9, what is 734 - -533424?
534258
In base 11, what is 367 + 168958?
169214
In base 3, what is -1 + -200001112122?
-200001112200
In base 11, what is -1415 + 12828?
11413
In base 8, what is -4476151 - 441?
-4476612
In base 10, what is 945425 + 5?
945430
In base 6, what is -545515 + 5?
-545510
In base 14, what is 107bc0b6 - -3?
107bc0b9
In base 7, what is -205 - 404665?
-405203
In base 6, what is 1231 + 3235303?
3240534
In base 10, what is 1130 + -285076?
-283946
In base 11, what is 19a119 - 42a?
19979a
In base 8, what is -1404211444 + -5?
-1404211451
In base 9, what is 14 - 6446312?
-6446287
In base 10, what is 39661042 + 23?
39661065
In base 14, what is 436037 + 2?
436039
In base 10, what is -12526 - -8350?
-4176
In base 14, what is 73 + 13691?
13724
In base 14, what is -2a29d + 157?
-2a146
In base 9, what is 7122412 - 5?
7122406
In base 10, what is 375 + 25229?
25604
In base 9, what is -5 + 525320068?
525320063
In base 9, what is -4210184 - 42?
-4210236
In base 4, what is -1100 + -2313331021?
-2313332121
In base 2, what is -1110100010000010101 + 1001010101?
-1110100000111000000
In base 6, what is 2445 - -11144343?
11151232
In base 2, what is -10001111001000011 - 110110?
-10001111001111001
In base 2, what is -101100 - 11101110111101011101001?
-11101110111101100010101
In base 5, what is 4213131104 - -34?
4213131143
In base 16, what is 226 + 37243?
37469
In base 12, what is 1 - -301b006?
301b007
In base 14, what is -863 + -9774?
-a1d7
In base 3, what is 100100 + -110001202?
-102201102
In base 11, what is 16954525 + -4?
16954521
In base 4, what is 3002110 - 20100213?
-11032103
In base 3, what is 1010100 + 2000211?
10011011
In base 8, what is -52 - -1446000?
1445726
In base 4, what is 11 - -2020322033002?
2020322033013
In base 7, what is 1 - -102441203?
102441204
In base 5, what is 0 - 202000210?
-202000210
In base 4, what is 21 + 1113310322?
1113311003
In base 11, what is 4 + 32157a88?
32157a91
In base 15, what is -b - 56b26?
-56b32
In base 11, what is 17a + -28122?
-27a53
In base 8, what is 4 + -1503372?
-1503366
In base 9, what is -4127278 + 23?
-4127255
In base 15, what is -a19b + -1e8d?
-c139
In base 9, what is -27670106 - 54?
-27670161
In base 9, what is -123354 - 10?
-123364
In base 7, what is -6 + 4552006210?
4552006201
In base 7, what is -14250663 + 2?
-14250661
In base 15, what is -324 - -2dc3?
2a9e
In base 7, what is -3 + 1204042661?
1204042655
In base 16, what is -5a6422f + -2?
-5a64231
In base 5, what is -43131 - -112033?
13402
In base 12, what is -5 + -1b635a7?
-1b635b0
In base 3, what is 11212201001012 - -10?
11212201001022
In base 4, what is 321012 - -32303112?
33230130
In base 6, what is -2315443044 - -3?
-2315443041
In base 5, what is -1 - -1324021420?
1324021414
In base 10, what is -2110834 - 22?
-2110856
In base 3, what is 22201020 - -102021?
100010111
In base 5, what is -24 + -31110120?
-31110144
In base 7, what is -42451642 - -14?
-42451625
In base 13, what is -6 + -13c6bc0?
-13c6bc6
In base 9, what is -28525163 - -2?
-28525161
In base 10, what is 3 - 36458036?
-36458033
In base 11, what is 5 - 172347a?
-1723475
In base 9, what is 11 + 2764080?
2764101
In base 9, what is 2 - 187205336?
-187205334
In base 5, what is -134000 + 13434?
-120011
In base 15, what is -a6068 + 37?
-a6031
In 